{"id":81,"date":"2013-08-01T11:44:34","date_gmt":"2013-08-01T11:44:34","guid":{"rendered":"http:\/\/www.grundschule-welheim.de\/?page_id=81"},"modified":"2022-06-22T09:08:30","modified_gmt":"2022-06-22T09:08:30","slug":"organisatorisches","status":"publish","type":"page","link":"https:\/\/www.grundschule-welheim.de\/?page_id=81","title":{"rendered":"Organisatorisches"},"content":{"rendered":"<div class=\"textItem\">\n<p><b>Aufsicht vor Unterrichtsbeginn<\/b><\/p>\n<p>Ihre Kinder werden ab 7:45 Uhr von uns beaufsichtigt. Die Kinder d\u00fcrfen erst dann das Schulgeb\u00e4ude betreten.<\/p>\n<p>Bitte schicken Sie Ihre Kinder nicht zu fr\u00fch zur Schule.<\/p>\n<p><b>Erkrankung<\/b><\/p>\n<p>Sollte Ihr Kind erkranken, rufen Sie bitte morgens (am besten zwischen 7:30 Uhr und 8:00 Uhr) in der Schule an und informieren Sie uns dar\u00fcber.<\/p>\n<p>Denken Sie daran Ihrem Kind eine Entschuldigung mitzugeben, sobald es wieder gesund ist. Nach 3 Tagen ben\u00f6tigt Ihr Kind ein \u00e4rztliches Attest. Vor und nach den Ferien ist ein Attest bereits am ersten Tag verpflichtend.<\/p>\n<p><b>Elternsprechtage<\/b><\/p>\n<p>Regelm\u00e4\u00dfig finden Elternsprechtage statt. \u00dcber die genauen Termine informieren Sie die Lehrer.<\/p>\n<p><b>Sprechstunden<\/b><\/p>\n<p>Sie k\u00f6nnen die Lehrerinnen und Lehrer jeder Zeit f\u00fcr die Vereinbarung eines Termins ansprechen.<\/p>\n<p><b>Ferien und bewegliche Ferientage<\/b><\/p>\n<p>Die Ferien und beweglichen Ferientage des aktuellen Schuljahres erhalten Sie von der Klassenlehrerin ihres Kindes.<\/p>\n<\/div>\n","protected":false},"excerpt":{"rendered":"<p>Aufsicht vor Unterrichtsbeginn Ihre Kinder werden ab 7:45 Uhr von uns beaufsichtigt. Die Kinder d\u00fcrfen erst dann das Schulgeb\u00e4ude betreten. Bitte schicken Sie Ihre Kinder nicht zu fr\u00fch zur Schule. Erkrankung Sollte Ihr Kind erkranken, rufen Sie bitte morgens (am &hellip; <\/p>\n","protected":false},"author":1,"featured_media":0,"parent":0,"menu_order":0,"comment_status":"closed","ping_status":"closed","template":"","meta":{"footnotes":""},"class_list":["post-81","page","type-page","status-publish","hentry"],"_links":{"self":[{"href":"https:\/\/www.grundschule-welheim.de\/index.php?rest_route=\/wp\/v2\/pages\/81","targetHints":{"allow":["GET"]}}],"collection":[{"href":"https:\/\/www.grundschule-welheim.de\/index.php?rest_route=\/wp\/v2\/pages"}],"about":[{"href":"https:\/\/www.grundschule-welheim.de\/index.php?rest_route=\/wp\/v2\/types\/page"}],"author":[{"embeddable":true,"href":"https:\/\/www.grundschule-welheim.de\/index.php?rest_route=\/wp\/v2\/users\/1"}],"replies":[{"embeddable":true,"href":"https:\/\/www.grundschule-welheim.de\/index.php?rest_route=%2Fwp%2Fv2%2Fcomments&post=81"}],"version-history":[{"count":5,"href":"https:\/\/www.grundschule-welheim.de\/index.php?rest_route=\/wp\/v2\/pages\/81\/revisions"}],"predecessor-version":[{"id":2144,"href":"https:\/\/www.grundschule-welheim.de\/index.php?rest_route=\/wp\/v2\/pages\/81\/revisions\/2144"}],"wp:attachment":[{"href":"https:\/\/www.grundschule-welheim.de\/index.php?rest_route=%2Fwp%2Fv2%2Fmedia&parent=81"}],"curies":[{"name":"wp","href":"https:\/\/api.w.org\/{rel}","templated":true}]}}