{"id":620,"date":"2017-04-02T18:45:46","date_gmt":"2017-04-02T18:45:46","guid":{"rendered":"http:\/\/www.grundschule-welheim.de\/?page_id=620"},"modified":"2025-02-28T12:52:33","modified_gmt":"2025-02-28T12:52:33","slug":"kooperationspartner","status":"publish","type":"page","link":"https:\/\/www.grundschule-welheim.de\/?page_id=620","title":{"rendered":"Kooperationspartner"},"content":{"rendered":"<ul>\n<li>Bottroper Tafel\n<ul>\n<li>Schulobstprogramm<\/li>\n<\/ul>\n<\/li>\n<li>Eltern<\/li>\n<li>F\u00f6rderverein (Teilstandort)<\/li>\n<li>Gegenwind\n<ul>\n<li>Fritz und Frida<\/li>\n<li>Echt klasse<\/li>\n<\/ul>\n<\/li>\n<li>Jugendamt<\/li>\n<li>Junge Kirche<\/li>\n<li>Kinderg\u00e4rten<\/li>\n<li>Lesepaten<\/li>\n<li>Polizei\n<ul>\n<li>Verkehrserziehung<\/li>\n<li>Radfahrf\u00fchrerschein<\/li>\n<\/ul>\n<\/li>\n<li>Rotary-Club<\/li>\n<li>Stadtsportbund Bottrop\n<ul>\n<li>Kletterprojekt<\/li>\n<\/ul>\n<\/li>\n<li>Schulamt Bottrop<\/li>\n<li>Schwimmverein 1924<\/li>\n<li>Waldp\u00e4dagogisches Zentrum (WPZ)\n<ul>\n<li>Ein- und Auspflanzaktion<\/li>\n<\/ul>\n<\/li>\n<li>weiterf\u00fchrenden Schulen<\/li>\n<li>Welheimer L\u00f6wen\n<ul>\n<li>Unterst\u00fctzung beim Fu\u00dfballturnier<\/li>\n<\/ul>\n<\/li>\n<li>Zahnarzt\n<ul>\n<li>Prophylaxe<\/li>\n<li>Fluoridierung<\/li>\n<\/ul>\n<\/li>\n<li><a href=\"https:\/\/www.grundschule-welheim.de\/?page_id=3199\">ASB Tagespflege<\/a><\/li>\n<\/ul>\n","protected":false},"excerpt":{"rendered":"<p>Bottroper Tafel Schulobstprogramm Eltern F\u00f6rderverein (Teilstandort) Gegenwind Fritz und Frida Echt klasse Jugendamt Junge Kirche Kinderg\u00e4rten Lesepaten Polizei Verkehrserziehung Radfahrf\u00fchrerschein Rotary-Club Stadtsportbund Bottrop Kletterprojekt Schulamt Bottrop Schwimmverein 1924 Waldp\u00e4dagogisches Zentrum (WPZ) Ein- und Auspflanzaktion weiterf\u00fchrenden Schulen Welheimer L\u00f6wen Unterst\u00fctzung beim &hellip; <\/p>\n","protected":false},"author":1,"featured_media":0,"parent":0,"menu_order":0,"comment_status":"closed","ping_status":"closed","template":"","meta":{"footnotes":""},"class_list":["post-620","page","type-page","status-publish","hentry"],"_links":{"self":[{"href":"https:\/\/www.grundschule-welheim.de\/index.php?rest_route=\/wp\/v2\/pages\/620","targetHints":{"allow":["GET"]}}],"collection":[{"href":"https:\/\/www.grundschule-welheim.de\/index.php?rest_route=\/wp\/v2\/pages"}],"about":[{"href":"https:\/\/www.grundschule-welheim.de\/index.php?rest_route=\/wp\/v2\/types\/page"}],"author":[{"embeddable":true,"href":"https:\/\/www.grundschule-welheim.de\/index.php?rest_route=\/wp\/v2\/users\/1"}],"replies":[{"embeddable":true,"href":"https:\/\/www.grundschule-welheim.de\/index.php?rest_route=%2Fwp%2Fv2%2Fcomments&post=620"}],"version-history":[{"count":13,"href":"https:\/\/www.grundschule-welheim.de\/index.php?rest_route=\/wp\/v2\/pages\/620\/revisions"}],"predecessor-version":[{"id":3363,"href":"https:\/\/www.grundschule-welheim.de\/index.php?rest_route=\/wp\/v2\/pages\/620\/revisions\/3363"}],"wp:attachment":[{"href":"https:\/\/www.grundschule-welheim.de\/index.php?rest_route=%2Fwp%2Fv2%2Fmedia&parent=620"}],"curies":[{"name":"wp","href":"https:\/\/api.w.org\/{rel}","templated":true}]}}