{"id":2651,"date":"2024-01-16T20:17:11","date_gmt":"2024-01-16T20:17:11","guid":{"rendered":"https:\/\/www.grundschule-welheim.de\/?page_id=2651"},"modified":"2026-03-02T12:49:38","modified_gmt":"2026-03-02T12:49:38","slug":"schuelerparlament","status":"publish","type":"page","link":"https:\/\/www.grundschule-welheim.de\/?page_id=2651","title":{"rendered":"Sch\u00fclerparlament"},"content":{"rendered":"\n<p><strong>Unser Sch\u00fclerparlament<\/strong><\/p>\n\n\n\n<p>Regelm\u00e4\u00dfig findet unser Sch\u00fclerparlament mit den Klassensprechern, der Schulleiterin und unserer Schulsozialarbeiterin statt. Das Sch\u00fclerparlament ist ein Gremium, in dem Kinder mitbestimmen und ihre Ideen einbringen. Typische Themen sind zum Beispiel die Schulhofgestaltung, Pausenregeln oder geplante Projekte und Aktionen.<\/p>\n\n\n\n<p>Wir freuen uns auf die Zusammenarbeit und auf eure tolle Ideen!<\/p>\n\n\n\n<figure class=\"wp-block-image size-large\"><a href=\"https:\/\/www.grundschule-welheim.de\/wp-content\/uploads\/2024\/01\/Schuelerparlament.jpg\"><img loading=\"lazy\" decoding=\"async\" width=\"605\" height=\"806\" src=\"https:\/\/www.grundschule-welheim.de\/wp-content\/uploads\/2024\/01\/Schuelerparlament.jpg\" alt=\"\" class=\"wp-image-2657\" srcset=\"https:\/\/www.grundschule-welheim.de\/wp-content\/uploads\/2024\/01\/Schuelerparlament.jpg 605w, https:\/\/www.grundschule-welheim.de\/wp-content\/uploads\/2024\/01\/Schuelerparlament-225x300.jpg 225w\" sizes=\"auto, (max-width: 605px) 100vw, 605px\" \/><\/a><\/figure>\n","protected":false},"excerpt":{"rendered":"<p>Unser Sch\u00fclerparlament Regelm\u00e4\u00dfig findet unser Sch\u00fclerparlament mit den Klassensprechern, der Schulleiterin und unserer Schulsozialarbeiterin statt. Das Sch\u00fclerparlament ist ein Gremium, in dem Kinder mitbestimmen und ihre Ideen einbringen. Typische Themen sind zum Beispiel die Schulhofgestaltung, Pausenregeln oder geplante Projekte und &hellip; <\/p>\n","protected":false},"author":1,"featured_media":0,"parent":0,"menu_order":0,"comment_status":"closed","ping_status":"closed","template":"","meta":{"footnotes":""},"class_list":["post-2651","page","type-page","status-publish","hentry"],"_links":{"self":[{"href":"https:\/\/www.grundschule-welheim.de\/index.php?rest_route=\/wp\/v2\/pages\/2651","targetHints":{"allow":["GET"]}}],"collection":[{"href":"https:\/\/www.grundschule-welheim.de\/index.php?rest_route=\/wp\/v2\/pages"}],"about":[{"href":"https:\/\/www.grundschule-welheim.de\/index.php?rest_route=\/wp\/v2\/types\/page"}],"author":[{"embeddable":true,"href":"https:\/\/www.grundschule-welheim.de\/index.php?rest_route=\/wp\/v2\/users\/1"}],"replies":[{"embeddable":true,"href":"https:\/\/www.grundschule-welheim.de\/index.php?rest_route=%2Fwp%2Fv2%2Fcomments&post=2651"}],"version-history":[{"count":4,"href":"https:\/\/www.grundschule-welheim.de\/index.php?rest_route=\/wp\/v2\/pages\/2651\/revisions"}],"predecessor-version":[{"id":3848,"href":"https:\/\/www.grundschule-welheim.de\/index.php?rest_route=\/wp\/v2\/pages\/2651\/revisions\/3848"}],"wp:attachment":[{"href":"https:\/\/www.grundschule-welheim.de\/index.php?rest_route=%2Fwp%2Fv2%2Fmedia&parent=2651"}],"curies":[{"name":"wp","href":"https:\/\/api.w.org\/{rel}","templated":true}]}}

Schülerparlament

<p><strong>Unser Schülerparlament</strong></p>



<p>Regelmäßig findet unser Schülerparlament mit den Klassensprechern, der Schulleiterin und unserer Schulsozialarbeiterin statt. Das Schülerparlament ist ein Gremium, in dem Kinder mitbestimmen und ihre Ideen einbringen. Typische Themen sind zum Beispiel die Schulhofgestaltung, Pausenregeln oder geplante Projekte und Aktionen.</p>



<p>Wir freuen uns auf die Zusammenarbeit und auf eure tolle Ideen!</p>



<figure class="wp-block-image size-large"><a href="https://www.grundschule-welheim.de/wp-content/uploads/2024/01/Schuelerparlament.jpg"><img loading="lazy" decoding="async" width="605" height="806" src="https://www.grundschule-welheim.de/wp-content/uploads/2024/01/Schuelerparlament.jpg" alt="" class="wp-image-2657" srcset="https://www.grundschule-welheim.de/wp-content/uploads/2024/01/Schuelerparlament.jpg 605w, https://www.grundschule-welheim.de/wp-content/uploads/2024/01/Schuelerparlament-225x300.jpg 225w" sizes="auto, (max-width: 605px) 100vw, 605px" /></a></figure>

<p>Unser Schülerparlament Regelmäßig findet unser Schülerparlament mit den Klassensprechern, der Schulleiterin und unserer Schulsozialarbeiterin statt. Das Schülerparlament ist ein Gremium, in dem Kinder mitbestimmen und ihre Ideen einbringen. Typische Themen sind zum Beispiel die Schulhofgestaltung, Pausenregeln oder geplante Projekte und &hellip; </p>
