{"id":21,"date":"2013-08-01T10:36:15","date_gmt":"2013-08-01T10:36:15","guid":{"rendered":"http:\/\/www.grundschule-welheim.de\/?page_id=21"},"modified":"2025-08-26T07:10:19","modified_gmt":"2025-08-26T07:10:19","slug":"der-ganztag","status":"publish","type":"page","link":"https:\/\/www.grundschule-welheim.de\/?page_id=21","title":{"rendered":"Der Ganztag der Grundschule Welheim"},"content":{"rendered":"<p><b>\u00d6ffnungszeiten:<\/b><\/p>\n<p>Montag bis Freitag von 7 Uhr bis 16 Uhr<\/p>\n<p>Bewegliche Ferientage werden von uns auch mit abgedeckt.<\/p>\n<p><b>Ansprechpartner:<\/b><\/p>\n<p>Ganztagsleitung: <em>Nathalie Huysmann<\/em><i><br \/>\n<\/i>Telefon: 02041 &#8211; 48763<\/p>\n<p>Eine Anmeldung und weitere Informationen erhalten Sie direkt beim Ganztag oder bei der Schule.<\/p>\n<p><b>Das Team:<\/b><\/p>\n<p>Jede Gruppenleitung ist Erzieherin, erg\u00e4nzt durch weiteres Personal, wie Erzieher im Anerkennungsjahr oder langj\u00e4hrige erfahrene Mitarbeiter.<\/p>\n<p>Es k\u00fcmmern sich am Hauptstandort:<\/p>\n<p><em>Ayman Laksiri<\/em> (Gruppenleitung)\u00a0 um die Eisb\u00e4renklasse und die B\u00e4renklasse,<\/p>\n<p><em>Luisa Morandin<\/em> (Gruppenleitung) und <em>Stefanie Kreiber <\/em>sowie unsere PIA-Auszubildende <em>Antje Panek<\/em> um die Wschb\u00e4renklasse und die Monsterklasse.<\/p>\n<p><em>Lara Schulz <\/em>(Gruppenleitung) und <em>Juliane Velmer <\/em>sowie <em>Benjamin Eder\u00a0<\/em>um die Tigerklasse und die Giraffenklasse.<\/p>\n<p><em>Mandy Kosmidis<\/em> (Gruppenleitung) \u00a0um die Drachenklasse und die Affenklasse.<\/p>\n<p>Tatkr\u00e4ftig unterst\u00fctzt wird das Team von <em>Gamze Karacam<\/em> die sich um den hauswirtschaftlichen Bereich <em>k\u00fcmmert.<\/em><\/p>\n<p><b>R\u00e4umlichkeiten:<br \/>\n<\/b><\/p>\n<p>F\u00fcr jede Klassenstufe (1 bis 4) steht je ein Gruppenraum zur Verf\u00fcgung. Diese bieten verschiedene Funktionen, wie z.B. Spiel- und Bauteppiche, Kuschelecken sowie Mal- und Basteltische.<\/p>\n<p><b>Unsere AGs:<\/b><\/p>\n<p>Jedes Halbjahr bieten wir eine Vielzahl von AGs an, zum Beispiel:<\/p>\n<p>&nbsp;<\/p>\n<ul>\n<li>Backen<\/li>\n<li>Kreativ<\/li>\n<li>Fu\u00dfball<\/li>\n<li>Schwimmen<\/li>\n<li>Vorlesen<\/li>\n<\/ul>\n<p><b>Besonderheiten:<\/b><\/p>\n<p><span style=\"text-decoration: underline;\">Betreuung w\u00e4hrend der Ferienzeiten:<\/span><\/p>\n<ul>\n<li>\u00a0Osterferien: 1 Woche<\/li>\n<li>\u00a0Sommerferien: 3 Wochen<\/li>\n<li>\u00a0Herbstferien: 2 Wochen; w\u00e4hrend dieser Zeit wird in Zusammenarbeit mit anderen Ganztagsgrundschulen in<br \/>\nBottrop ein Musicalprojekt veranstaltet.<\/li>\n<\/ul>\n<p><span style=\"text-decoration: underline;\">Mittagessen:<\/span><\/p>\n<p>T\u00e4glich frisches, ausgewogenes und abwechslungsreiches Mittagessen (komplett ohne Schweinefleisch) geliefert von Apetito. Dabei herrscht eine angenehme Atmosph\u00e4re durch seperate Essensr\u00e4ume f\u00fcr jede Gruppe.<\/p>\n","protected":false},"excerpt":{"rendered":"<p>\u00d6ffnungszeiten: Montag bis Freitag von 7 Uhr bis 16 Uhr Bewegliche Ferientage werden von uns auch mit abgedeckt. Ansprechpartner: Ganztagsleitung: Nathalie Huysmann Telefon: 02041 &#8211; 48763 Eine Anmeldung und weitere Informationen erhalten Sie direkt beim Ganztag oder bei der Schule. &hellip; <\/p>\n","protected":false},"author":1,"featured_media":0,"parent":0,"menu_order":0,"comment_status":"closed","ping_status":"closed","template":"","meta":{"footnotes":""},"class_list":["post-21","page","type-page","status-publish","hentry"],"_links":{"self":[{"href":"https:\/\/www.grundschule-welheim.de\/index.php?rest_route=\/wp\/v2\/pages\/21","targetHints":{"allow":["GET"]}}],"collection":[{"href":"https:\/\/www.grundschule-welheim.de\/index.php?rest_route=\/wp\/v2\/pages"}],"about":[{"href":"https:\/\/www.grundschule-welheim.de\/index.php?rest_route=\/wp\/v2\/types\/page"}],"author":[{"embeddable":true,"href":"https:\/\/www.grundschule-welheim.de\/index.php?rest_route=\/wp\/v2\/users\/1"}],"replies":[{"embeddable":true,"href":"https:\/\/www.grundschule-welheim.de\/index.php?rest_route=%2Fwp%2Fv2%2Fcomments&post=21"}],"version-history":[{"count":33,"href":"https:\/\/www.grundschule-welheim.de\/index.php?rest_route=\/wp\/v2\/pages\/21\/revisions"}],"predecessor-version":[{"id":3633,"href":"https:\/\/www.grundschule-welheim.de\/index.php?rest_route=\/wp\/v2\/pages\/21\/revisions\/3633"}],"wp:attachment":[{"href":"https:\/\/www.grundschule-welheim.de\/index.php?rest_route=%2Fwp%2Fv2%2Fmedia&parent=21"}],"curies":[{"name":"wp","href":"https:\/\/api.w.org\/{rel}","templated":true}]}}

<p><b>Öffnungszeiten:</b></p>
<p>Montag bis Freitag von 7 Uhr bis 16 Uhr</p>
<p>Bewegliche Ferientage werden von uns auch mit abgedeckt.</p>
<p><b>Ansprechpartner:</b></p>
<p>Ganztagsleitung: <em>Nathalie Huysmann</em><i><br />
</i>Telefon: 02041 &#8211; 48763</p>
<p>Eine Anmeldung und weitere Informationen erhalten Sie direkt beim Ganztag oder bei der Schule.</p>
<p><b>Das Team:</b></p>
<p>Jede Gruppenleitung ist Erzieherin, ergänzt durch weiteres Personal, wie Erzieher im Anerkennungsjahr oder langjährige erfahrene Mitarbeiter.</p>
<p>Es kümmern sich am Hauptstandort:</p>
<p><em>Ayman Laksiri</em> (Gruppenleitung)  um die Eisbärenklasse und die Bärenklasse,</p>
<p><em>Luisa Morandin</em> (Gruppenleitung) und <em>Stefanie Kreiber </em>sowie unsere PIA-Auszubildende <em>Antje Panek</em> um die Wschbärenklasse und die Monsterklasse.</p>
<p><em>Lara Schulz </em>(Gruppenleitung) und <em>Juliane Velmer </em>sowie <em>Benjamin Eder </em>um die Tigerklasse und die Giraffenklasse.</p>
<p><em>Mandy Kosmidis</em> (Gruppenleitung)  um die Drachenklasse und die Affenklasse.</p>
<p>Tatkräftig unterstützt wird das Team von <em>Gamze Karacam</em> die sich um den hauswirtschaftlichen Bereich <em>kümmert.</em></p>
<p><b>Räumlichkeiten:<br />
</b></p>
<p>Für jede Klassenstufe (1 bis 4) steht je ein Gruppenraum zur Verfügung. Diese bieten verschiedene Funktionen, wie z.B. Spiel- und Bauteppiche, Kuschelecken sowie Mal- und Basteltische.</p>
<p><b>Unsere AGs:</b></p>
<p>Jedes Halbjahr bieten wir eine Vielzahl von AGs an, zum Beispiel:</p>
<p>&nbsp;</p>
<ul>
<li>Backen</li>
<li>Kreativ</li>
<li>Fußball</li>
<li>Schwimmen</li>
<li>Vorlesen</li>
</ul>
<p><b>Besonderheiten:</b></p>
<p><span style="text-decoration: underline;">Betreuung während der Ferienzeiten:</span></p>
<ul>
<li> Osterferien: 1 Woche</li>
<li> Sommerferien: 3 Wochen</li>
<li> Herbstferien: 2 Wochen; während dieser Zeit wird in Zusammenarbeit mit anderen Ganztagsgrundschulen in<br />
Bottrop ein Musicalprojekt veranstaltet.</li>
</ul>
<p><span style="text-decoration: underline;">Mittagessen:</span></p>
<p>Täglich frisches, ausgewogenes und abwechslungsreiches Mittagessen (komplett ohne Schweinefleisch) geliefert von Apetito. Dabei herrscht eine angenehme Atmosphäre durch seperate Essensräume für jede Gruppe.</p>

<p>Öffnungszeiten: Montag bis Freitag von 7 Uhr bis 16 Uhr Bewegliche Ferientage werden von uns auch mit abgedeckt. Ansprechpartner: Ganztagsleitung: Nathalie Huysmann Telefon: 02041 &#8211; 48763 Eine Anmeldung und weitere Informationen erhalten Sie direkt beim Ganztag oder bei der Schule. &hellip; </p>
